{"id":3833,"date":"2023-04-26T12:08:55","date_gmt":"2023-04-26T16:08:55","guid":{"rendered":"https:\/\/dev.see-net.ca\/businesses\/ministere-de-leconomie-et-de-linnovation-direction-de-lentrepreneuriat-collectif-economie-sociale\/"},"modified":"2024-01-10T15:39:27","modified_gmt":"2024-01-10T20:39:27","slug":"ministere-de-leconomie-et-de-linnovation-direction-de-lentrepreneuriat-collectif-economie-sociale","status":"publish","type":"businesses","link":"https:\/\/see-net.ca\/fr\/businesses\/ministere-de-leconomie-et-de-linnovation-direction-de-lentrepreneuriat-collectif-economie-sociale\/","title":{"rendered":"Minist\u00e8re de l&rsquo;\u00c9conomie et de l&rsquo;Innovation, Direction de l\u2019entrepreneuriat collectif\u2014\u00c9conomie sociale"},"content":{"rendered":"\n<p>Le Minist\u00e8re de l\u2019\u00c9conomie et de l\u2019Innovation, Direction de l\u2019entrepreneuriat collectif\u2014\u00c9conomie sociale distribue du financement pour le soutien de programmes, offre des outils de d\u00e9veloppement et d\u00e9fend les lois.<\/p>\n","protected":false},"featured_media":0,"template":"","business-type":[94],"primary-region":[100],"class_list":["post-3833","businesses","type-businesses","status-publish","hentry","business-type-departements-govermentales","primary-region-quebec-province-fr"],"_links":{"self":[{"href":"https:\/\/see-net.ca\/fr\/wp-json\/wp\/v2\/businesses\/3833","targetHints":{"allow":["GET"]}}],"collection":[{"href":"https:\/\/see-net.ca\/fr\/wp-json\/wp\/v2\/businesses"}],"about":[{"href":"https:\/\/see-net.ca\/fr\/wp-json\/wp\/v2\/types\/businesses"}],"version-history":[{"count":1,"href":"https:\/\/see-net.ca\/fr\/wp-json\/wp\/v2\/businesses\/3833\/revisions"}],"predecessor-version":[{"id":3834,"href":"https:\/\/see-net.ca\/fr\/wp-json\/wp\/v2\/businesses\/3833\/revisions\/3834"}],"wp:attachment":[{"href":"https:\/\/see-net.ca\/fr\/wp-json\/wp\/v2\/media?parent=3833"}],"wp:term":[{"taxonomy":"business-type","embeddable":true,"href":"https:\/\/see-net.ca\/fr\/wp-json\/wp\/v2\/business-type?post=3833"},{"taxonomy":"primary-region","embeddable":true,"href":"https:\/\/see-net.ca\/fr\/wp-json\/wp\/v2\/primary-region?post=3833"}],"curies":[{"name":"wp","href":"https:\/\/api.w.org\/{rel}","templated":true}]}}

Ministère de l&rsquo;Économie et de l&rsquo;Innovation, Direction de l’entrepreneuriat collectif—Économie sociale

<p>Le Ministère de l’Économie et de l’Innovation, Direction de l’entrepreneuriat collectif—Économie sociale distribue du financement pour le soutien de programmes, offre des outils de développement et défend les lois.</p>
